{"id":62,"date":"2019-01-04T08:15:02","date_gmt":"2019-01-04T08:15:02","guid":{"rendered":"http:\/\/wp.siegls-raederwerkstatt.de\/?page_id=62"},"modified":"2025-03-12T19:50:11","modified_gmt":"2025-03-12T19:50:11","slug":"preise","status":"publish","type":"page","link":"https:\/\/www.siegls-raederwerkstatt.de\/?page_id=62","title":{"rendered":"Preise"},"content":{"rendered":"\t\t<div data-elementor-type=\"wp-page\" data-elementor-id=\"62\" class=\"elementor elementor-62\">\n\t\t\t\t\t\t<section class=\"elementor-section elementor-top-section elementor-element elementor-element-2dcafa7c elementor-section-boxed elementor-section-height-default elementor-section-height-default\" data-id=\"2dcafa7c\" data-element_type=\"section\" data-e-type=\"section\">\n\t\t\t\t\t\t<div class=\"elementor-container elementor-column-gap-default\">\n\t\t\t\t\t<div class=\"elementor-column elementor-col-100 elementor-top-column elementor-element elementor-element-340e12f2\" data-id=\"340e12f2\" data-element_type=\"column\" data-e-type=\"column\">\n\t\t\t<div class=\"elementor-widget-wrap elementor-element-populated\">\n\t\t\t\t\t\t<div class=\"elementor-element elementor-element-4fa1a71e elementor-widget elementor-widget-text-editor\" data-id=\"4fa1a71e\" data-element_type=\"widget\" data-e-type=\"widget\" data-widget_type=\"text-editor.default\">\n\t\t\t\t<div class=\"elementor-widget-container\">\n\t\t\t\t\t\t\t\t\t<p><strong>Service E-Bike: 65,00 Euro<\/strong><br><strong>Service Fahrrad: 49,00 Euro<\/strong><\/p>\n<p>Dieser beinhaltet:<\/p>\n<ul>\n<li>Antrieb \u00fcberpr\u00fcfen<\/li>\n<li>Reifendruck regulieren<\/li>\n<li>Lichtanlage kontrollieren<\/li>\n<li>Schaltung pflegen und einstellen<\/li>\n<li>Bremsen \u00fcberpr\u00fcfen und einstellen<\/li>\n<li>Kette und Z\u00fcge fetten<\/li>\n<li>bei E-Bike zus\u00e4tzlich: Systemcheck\/ Diagnose (Bosch\/ Shimano Steps)<\/li>\n<\/ul>\n<p>Mehrkosten entstehen f\u00fcr Sie nur, wenn Ersatzteile (z. B. neue Bremsbel\u00e4ge) ben\u00f6tigt werden oder zus\u00e4tzliche Arbeitszeit (z. B. f\u00fcr Reparaturen) entsteht sowie ggf. f\u00fcr Anfahrt und Abfahrt.<\/p>\n<p>Die genauen Kosten werden selbstverst\u00e4ndlich im Voraus mit Ihnen besprochen.<\/p>\n<p>Nehmen Sie gleich <a href=\"https:\/\/www.siegls-raederwerkstatt.de\/?page_id=35\">Kontakt<\/a> mit uns auf &#8211; wir besprechen Ihr Anliegen gerne und unterbreiten Ihnen ein individuelles und unverbindliches Angebot.<\/p>\t\t\t\t\t\t\t\t<\/div>\n\t\t\t\t<\/div>\n\t\t\t\t\t<\/div>\n\t\t<\/div>\n\t\t\t\t\t<\/div>\n\t\t<\/section>\n\t\t\t\t<\/div>\n\t\t","protected":false},"excerpt":{"rendered":"<p>Service E-Bike: 65,00 EuroService Fahrrad: 49,00 Euro Dieser beinhaltet: Antrieb \u00fcberpr\u00fcfen Reifendruck regulieren Lichtanlage kontrollieren Schaltung pflegen und einstellen Bremsen \u00fcberpr\u00fcfen und [&hellip;]<\/p>\n","protected":false},"author":1,"featured_media":0,"parent":0,"menu_order":0,"comment_status":"closed","ping_status":"closed","template":"","meta":{"footnotes":""},"class_list":["post-62","page","type-page","status-publish","hentry"],"_links":{"self":[{"href":"https:\/\/www.siegls-raederwerkstatt.de\/index.php?rest_route=\/wp\/v2\/pages\/62","targetHints":{"allow":["GET"]}}],"collection":[{"href":"https:\/\/www.siegls-raederwerkstatt.de\/index.php?rest_route=\/wp\/v2\/pages"}],"about":[{"href":"https:\/\/www.siegls-raederwerkstatt.de\/index.php?rest_route=\/wp\/v2\/types\/page"}],"author":[{"embeddable":true,"href":"https:\/\/www.siegls-raederwerkstatt.de\/index.php?rest_route=\/wp\/v2\/users\/1"}],"replies":[{"embeddable":true,"href":"https:\/\/www.siegls-raederwerkstatt.de\/index.php?rest_route=%2Fwp%2Fv2%2Fcomments&post=62"}],"version-history":[{"count":26,"href":"https:\/\/www.siegls-raederwerkstatt.de\/index.php?rest_route=\/wp\/v2\/pages\/62\/revisions"}],"predecessor-version":[{"id":1124,"href":"https:\/\/www.siegls-raederwerkstatt.de\/index.php?rest_route=\/wp\/v2\/pages\/62\/revisions\/1124"}],"wp:attachment":[{"href":"https:\/\/www.siegls-raederwerkstatt.de\/index.php?rest_route=%2Fwp%2Fv2%2Fmedia&parent=62"}],"curies":[{"name":"wp","href":"https:\/\/api.w.org\/{rel}","templated":true}]}}